 = -3*c + c. What is the remainder when (5/5)/((-1)/d*3) is divided by c?
1
Suppose -5*h + 118 = 5*r - 92, 3*r - 134 = -5*h. What is the remainder when 265 is divided by r?
37
Suppose 48 = -4*w - 6*h + 188, h + 62 = 2*w. Calculate the remainder when 2205 is divided by w.
29
Suppose -2*y = -4*j + 34, 2*j - y - 3*y - 32 = 0. Let l(r) = r**2 + r - 28. Calculate the remainder when 68 is divided by l(j).
12
Suppose -2*x + f = -2*f - 49, 5*f + 75 = 3*x. Calculate the remainder when 69 is divided by x.
9
What is the remainder when (-15)/10 + 1/((-4)/(-1042)) is divided by 12?
7
Suppose -7*c + 5*c = -64. Suppose 0*t - 27 = -2*t + 5*j, -4*j + 29 = 3*t. What is the remainder when c is divided by t?
10
What is the remainder when -50 + 58 - (-1 + 2) is divided by 7?
0
Suppose -3*n - 5*w = -479, n - 165 = w - 0*w. What is the remainder when 319 is divided by n?
156
What is the remainder when (-1)/2*(-776 + -4 + 8) is divided by 44?
34
Let r = -210 - -216. What is the remainder when 51 is divided by r?
3
Let h(q) = -4*q**2 + q + 5. Let k(c) = -15*c**2 + 3*c + 21. Let f(j) = -21*h(j) + 5*k(j). What is the remainder when f(-3) is divided by 51?
48
Let l(i) = -i**3 - 5*i**2 - i - 6. Suppose 5*c - 17 = 2*v, -2*v + 0 - 13 = -c. Calculate the remainder when 178 is divided by l(v).
34
Let m = 49 + -48. What is the remainder when 9 is divided by m?
0
Let s(d) = -5*d + 25. Let a be s(-6). Let v = -8 + a. What is the remainder when v is divided by 24?
23
Suppose 2*v + 1 = 3, v = 2*m + 675. Let i(j) = 6*j - 7. What is the remainder when m/(-5) - 4/10 is divided by i(4)?
16
What is the remainder when 201 is divided by (-3)/(-12) + (-286)/(-8) + 7?
29
Suppose -4*x - 26 = 2*m - 116, 99 = 5*x - 2*m. Calculate the remainder when 271 is divided by x.
19
Let x(n) = -n**2 - 3*n. Let m be x(-2). Suppose 0 = -3*g - m*g + 95. Let p = -764 - -820. Calculate the remainder when p is divided by g.
18
What is the remainder when 219/4 - 2/(-8) is divided by (-4*3/48)/(4/(-304))?
17
Let n = 7 + 36. Suppose 2*u = -1 + 7. Calculate the remainder when n is divided by (-2 + -1 + 8)*u.
13
Let a = 57 - 91. Let i = a - -71. Calculate the remainder when i is divided by 21.
16
Let y = -114 - -182. What is the remainder when 270 is divided by y?
66
Let d = -5 + 7. Suppose -83 = -d*v - 33. Calculate the remainder when v is divided by 0 - (4 + -3) - -10.
7
Let x(g) = -g**3 + 7*g**2 - 2*g + 9. Let l be x(6). Suppose 0 = -6*i + 357 - l. Calculate the remainder when i is divided by 29.
25
Let r = 52 + -50. Suppose r*t = 7*t - 500. Calculate the remainder when t is divided by 51.
49
What is the remainder when ((-17)/(-34))/((-1)/(-174)) is divided by 10?
7
Let a = 6 + -4. Suppose -6*x + a*x + 20 = 0. What is the remainder when x is divided by (2/(-3))/(12/(-54))?
2
Let g = 101 - 96. Suppose 7*c - g*c - 108 = 0. What is the remainder when 107 is divided by c?
53
Let g(l) be the first derivative of 2*l**2 - 5*l + 10. Calculate the remainder when 13 is divided by g(3).
6
Let q = 1606 + -1442. What is the remainder when q is divided by 143?
21
Let k = 21 + 13. Let d = k + -24. What is the remainder when 37 is divided by d?
7
What is the remainder when 257 is divided by 93 + (13 - (-11 + 31))?
85
Let l(r) = -5*r**2 - 14*r + 31. Let g(w) = -6*w**2 - 15*w + 32. Let n(j) = -4*g(j) + 5*l(j). Calculate the remainder when 10 is divided by n(-12).
1
Let a = 274 + -189. Suppose 0 = 9*d - 230 - a. What is the remainder when d is divided by 13?
9
Suppose 4*a = 8*a - 484. Let x = 173 - a. Calculate the remainder when x is divided by 9.
7
Suppose 0 = k - 2 + 1, -2*o + 2*k + 2 = 0. Calculate the remainder when 27 is divided by ((-280)/(-50))/(-2*o/(-10)).
13
Let r(t) = 6 + 2 + t**2 - 4 - t. What is the remainder when r(-10) is divided by 39?
36
Calculate the remainder when 89 is divided by (4 + 30/(-12))*250/15.
14
Suppose s = -z - s + 24, 4*z + 2*s - 66 = 0. Calculate the remainder when z is divided by ((-105)/140)/(3/(-32)).
6
Suppose -745*q + 120 = -733*q. What is the remainder when 309 is divided by q?
9
Let l(z) = z**3 + 13*z**2 + 31*z + 20. Let n = -12 - -18. Calculate the remainder when l(-10) is divided by n.
4
Let a be -19 - (-3 + (3 - 0)). Suppose -5*t + 0 = -u - 5, -3*u - 4*t = -23. Calculate the remainder when 28 is divided by (-1 - a) + (2 - u).
13
Suppose 208 = -110*c + 114*c. What is the remainder when c is divided by 6?
4
Let j(t) = 356*t + 52. Calculate the remainder when j(2) is divided by 96.
92
Suppose 4*j + 7 = -1. Let t = j - -7. Calculate the remainder when (-2 - -3)*(t + 37) is divided by 11.
9
Suppose -2*u + 2*q + 40 = 0, -3*q + 0 + 9 = 0. Calculate the remainder when (1 - -97) + -110 + 98 is divided by u.
17
Let p be -5 + (-3 - -7) + 2. Calculate the remainder when 69 is divided by (-1)/(10/(-358)) + p/5.
33
Suppose 45*v - 49*v + 44 = 0. Calculate the remainder when 107 is divided by v.
8
Let x(q) = 2*q**3 - q**2 + q - 4. Let v = -10 - -12. Calculate the remainder when x(2) is divided by v.
0
Suppose -v = -9 - 50. Suppose m + 65 = -2*a + 5*a, -2*m + v = 3*a. What is the remainder when 93 + -8 + -1 + -2 is divided by a?
19
What is the remainder when (-10120)/(-99) - (-4)/(-18) is divided by 26?
24
Let a(i) = -i**2 - 5*i - 4. Let k be a(-6). Let s = -28 - -58. What is the remainder when k/4*(-264)/s is divided by 12?
10
Suppose 22*u = 46*u - 7224. Calculate the remainder when u is divided by 76.
73
What is the remainder when (5 + -4)/(1/63) is divided by 8/20 + (-5)/(-75)*249?
12
Let l = 9577 - 9564. Let j = -45 + 109. Calculate the remainder when j is divided by l.
12
Let z be (-14)/(-1) - (-2 + 1) - -1. Calculate the remainder when (49 - 1) + (15 - z) is divided by 10*(0/(-1) + 1).
7
What is the remainder when 93 is divided by 2/(-3) - (7623/27)/(-11)?
18
Let h = -7 - -11. Let w(a) = a**2 - a + h*a - 4*a**2 - 1 + 4*a**2. Calculate the remainder when w(4) is divided by 7.
6
Suppose 0*z + 24*z = 408. Calculate the remainder when 1102 is divided by z.
14
Suppose -1 = -3*g + 2, -3*g = 4*x - 43. What is the remainder when 0 + x - 1/5*5 is divided by (15/6)/((-2)/(-4))?
4
Let q(c) = -c**2 + 9*c + 3. Let u be q(9). Calculate the remainder when (-56 + 5)*(-1)/u is divided by 4.
1
Suppose 839 - 359 = 4*f + 28*f. Let w(b) = -20*b + 2. Calculate the remainder when w(-2) is divided by f.
12
Let d(r) = -3*r + 34. What is the remainder when 39 is divided by d(2)?
11
Let k = -13 + 9. Let g(q) = 4*q + 7*q**3 - 2 + 0 - 6*q**3 - 3*q**2 + 9*q**2. What is the remainder when 55 is divided by g(k)?
13
Suppose 7*u = 9*u + f - 60, -2*f = 2*u - 62. What is the remainder when 686 is divided by u?
19
Let q(y) = y + 2. Let g be q(8). Let i be (g/15)/(2/9). Let v = i + 3. Calculate the remainder when 16 is divided by v.
4
Let t = -85 - -231. What is the remainder when t is divided by 37?
35
Suppose 0*l = l - 59. What is the remainder when l is divided by 35?
24
Let p = 16 - -5. Let f = -12 + p. What is the remainder when f is divided by 3?
0
Suppose -15*b + 87 = -153. What is the remainder when 30 is divided by b?
14
Calculate the remainder when 25 is divided by -2*((-63)/(-2))/(-7).
7
Let m(h) = 2*h**2 + 10*h - 101. What is the remainder when m(10) is divided by 191?
8
Suppose 5*z - 46 = 2*l - 231, -3*l + 225 = 3*z. What is the remainder when 710 is divided by l?
70
Suppose -4*r + 5 = r, 3*r = -4*z + 395. Calculate the remainder when z is divided by 50.
48
What is the remainder when 283 is divided by (-3)/2 - (-1122)/68?
13
Suppose 4*p = 5*p - 23. Let m = 59 - 47. Calculate the remainder when p is divided by m.
11
Let n(r) = r - 6. Let f be n(8). Suppose 0 = -2*t - f*t. Suppose t = 2*o - 8 - 0. Calculate the remainder when o is divided by 3.
1
Let d be ((-4)/6)/((-6)/(-9)). Let u(t) = 10*t**2 - t. What is the remainder when 27 is divided by u(d)?
5
Suppose 20 = o - 5*o, -2*o + 55 = 5*h. What is the remainder when 918/12 + -2*(-3)/(-12) is divided by h?
11
Suppose -2*t - 2*t = -20. Let k be 6 + (2/(-6))/(7/21). Suppose 2*g = t*h + k, 0 = 3*h - 3. Calculate the remainder when 18 is divided by g.
3
Let o(j) = 34*j**2. Let c be (5 - 3)/(0 - 2). Let i be o(c). Calculate the remainder when i/(-2)*(3 - 4) is divided by 6.
5
Suppose 1 = 5*g - 4. Let w be -2*(-2)/(-8)*18. Calculate the remainder when (g - (w - 2)) + 2 is div